*s - 472*s. Calculate the highest common divisor of 11 and s.
11
Let c = 338 - 220. What is the greatest common divisor of 2 and c?
2
Let t(p) = p + 82. Let j be t(8). What is the greatest common factor of j and 240?
30
Suppose 5*s = 11*s - 4968. Calculate the highest common divisor of 108 and s.
36
Suppose -3 - 1 = -4*p. Let k be (5 + -4 + p)/(-1). Let x be k/(2 - 4) + 4. Calculate the greatest common divisor of x and 5.
5
Let f = 429 - 317. What is the greatest common factor of 119 and f?
7
Let o be 266/(-3)*(45/(-6) - -6). What is the greatest common divisor of o and 21?
7
Suppose x - 3*d = 102, d = -2*x + 2*d + 224. Let v = x + -34. Calculate the highest common divisor of 32 and v.
16
Suppose -342 + 1158 = 12*n. Calculate the highest common factor of n and 51.
17
Let d = 2 - -68. Suppose 0 = -4*l, 3*q + 4*l = -2*q + d. Calculate the highest common factor of q and 35.
7
Suppose 13*q - 4*q = 45. Suppose 1 = 6*k - q. Calculate the highest common factor of k and 8.
1
Suppose q + 70 = 6*q. Suppose 3*c - 158 = 3*a + 61, -2*c + 3*a = -149. Calculate the highest common factor of q and c.
14
Let x = -76 - -167. Calculate the greatest common factor of 7 and x.
7
Suppose 2*d = -3*d. Suppose d = 4*u - 0 - 20. What is the highest common factor of u and 15?
5
Suppose 3*z = m - 7 + 20, 0 = 5*z - 4*m - 24. Suppose 0 = t - d - 14 - 2, z*t = -2*d + 58. What is the greatest common divisor of t and 45?
15
Let i = 133 - 58. Let j = 89 + -44. What is the highest common factor of i and j?
15
Let c be 2/(-7) + (-62068)/(-413). Calculate the highest common factor of 50 and c.
50
Let b(x) = -3*x - 26. Let s be b(-18). Let y = 2 + s. Calculate the greatest common factor of 45 and y.
15
Let c(n) = n**2 + 24*n + 130. Let z be c(-16). What is the highest common divisor of z and 134?
2
Suppose 0 = -33*f - 7*f + 15360. What is the greatest common factor of 336 and f?
48
Let m be (4/(-6))/((-332)/324 + 1). Suppose 39 - m = v. Calculate the highest common divisor of v and 12.
12
Suppose 363 = -4*z + 2*b + 2089, 25 = -5*b. Calculate the highest common divisor of 117 and z.
39
Let f be 18 - 20 - 1*-1. Let p be (74/(-14) - f)/(33/(-693)). Calculate the highest common factor of p and 18.
18
Suppose -c = -5*c - 4. Let x be (8 - 9)/(c/(-6)). Let l be (x/15)/((-2)/220). Calculate the highest common divisor of l and 11.
11
Let l = 5 - 23. Let k be (-3)/l - (-118)/12. Let h be (-1)/(158/160 + -1). Calculate the greatest common divisor of k and h.
10
Let a be (1*2)/((-60)/(-90)). Calculate the greatest common divisor of a and 9.
3
Let o(h) = h**2 - 13*h + 11. Let m be o(0). What is the highest common factor of m and 143?
11
Let z = 24 + -28. Let d be 245 + (3 - 4 - z). Let y = -20 + 51. Calculate the greatest common factor of d and y.
31
Suppose 5*r = 5*z, -87 = -5*z - 5*r - 37. Suppose 0 = j - z*j + 364. Suppose -22*g = 212 - 498. Calculate the highest common factor of j and g.
13
Suppose 2*h + 15 = t - 6*t, 2*h - 3*t = 9. Let z = h + 4. Suppose 2*p + p = -z*s + 57, -24 = -3*s + 4*p. What is the greatest common factor of s and 84?
12
Suppose 2*b - 71 = -17*p + 12*p, 255 = 5*b - 3*p. What is the greatest common factor of 300 and b?
12
Suppose -2*l + 5 = -4*v + 1, -2*l = -v - 4. Suppose -4*c = -3*c + w - 13, 3*c - 5*w - 79 = v. What is the greatest common divisor of 18 and c?
18
Let i(g) = g**2 + 2*g - 2. Let x be i(3). Let a be (-4 - x)/(1/(-5)). What is the greatest common divisor of a and 17?
17
Suppose 2*t + 2*j = 8030, 12039 = 3*t - 98*j + 95*j. What is the highest common divisor of t and 18?
18
Suppose 0*q = -3*o + 2*q + 9, 4*o - 2*q = 12. Let v be ((-18)/(-1))/o + -4. Suppose v*g + 1 = 57. Calculate the highest common divisor of g and 4.
4
Let h be 2/(-14) - 215/(-35). Calculate the greatest common divisor of h and 96.
6
Suppose -2*h + 5*k = k - 122, 241 = 4*h - 5*k. Let g = h - 39. Calculate the highest common divisor of g and 4.
4
Let h be 1617/44*(-16)/(-6). Suppose j + 27 = -22. Let f be (-672)/j + (-4)/(-14). What is the greatest common factor of h and f?
14
Let f(y) = 22*y - 255. Let u be f(12). Calculate the greatest common divisor of 39 and u.
3
Let g = -4 + 8. Let t be (-42)/(g - 1)*(-5)/2. Calculate the highest common factor of 5 and t.
5
Let a = 40 + -67. Let o = -13 - a. What is the highest common factor of o and 70?
14
Suppose 2*l = -3*l. Let b = l - -6. Suppose -22 = -b*p + 2. What is the highest common divisor of 16 and p?
4
Suppose 0 = -4*y - 0*y + 20. Let p = -685 + 770. Calculate the highest common factor of y and p.
5
Let z = -5 + 12. Suppose 98 + 3 = 5*u - 2*i, 4*u - 4*i = 76. Calculate the highest common divisor of z and u.
7
Let z = -11 + 14. Calculate the greatest common divisor of z and 48.
3
Let m(o) = -o**3 - 3*o**2 - 21*o + 16. Let w be m(-5). Calculate the greatest common factor of w and 399.
57
Suppose -89 = -2*k + z, -2*z - z - 135 = -3*k. Suppose 0*j - 68 = -2*j. Let b = 45 - j. What is the greatest common divisor of b and k?
11
Let h = -42 - -48. Let a be 5 + h*2/3. Calculate the highest common divisor of a and 3.
3
Let v = 376 + -226. What is the greatest common divisor of v and 100?
50
Let v be 23 + -12 - (-894)/6. Calculate the highest common factor of 416 and v.
32
Let s(b) = 9*b - 5. Let x be s(13). Suppose -x - 140 = -7*c. What is the greatest common divisor of c and 54?
18
Suppose 823 = -5*t - 2387. Let m be (10 - 1)*(-4)/(-6). Let f be 4/m + t/(-9). Calculate the greatest common divisor of f and 9.
9
Suppose -680 = -19*p - 15. Calculate the highest common divisor of p and 225.
5
Let v = -3 + 14. Suppose -4*c + 2*a + 4 = -0*a, -4*a - 8 = -c. Suppose -h + 40 + 15 = c. Calculate the greatest common factor of h and v.
11
Let t = 10 + -7. Suppose 33 = j - t*c, 5*c = 2*c - 9. Let s(z) = z**3 + 6*z**2 + 2*z - 7. Let f be s(-5). What is the greatest common divisor of j and f?
8
Suppose 0 = 3*a - 728 - 55. Let w be -12 + -4 + 10 - -35. Calculate the greatest common factor of a and w.
29
Let z be 15/4*16/(-6). Let y = z - -23. Let p = -1 + y. What is the highest common factor of p and 18?
6
Suppose -7 = -2*i + 17. Let o = 468 + -432. What is the highest common factor of o and i?
12
Let g be 175/20 + (0 - 2/(-8)). Let l = 7 - 1. What is the highest common factor of g and l?
3
Suppose 7351 + 10226 = 21*g. What is the highest common divisor of 93 and g?
93
Let m be 8/20 - 223/(-5) - 3. Calculate the greatest common factor of 168 and m.
42
Let c be (-13 - 2)*(-1)/3. Let d = -12 - -2. Let y = c - d. What is the highest common divisor of y and 15?
15
Suppose 992 = 4470*w - 4466*w. Calculate the highest common divisor of w and 62.
62
Suppose -6*y - 61 = -9*y - 2*c, -3*c - 51 = -3*y. What is the greatest common factor of y and 19?
19
Let s(g) = -g**3 + 2*g**2 + g + 18. Let v be s(-6). Calculate the greatest common factor of v and 8.
4
Let u(p) be the third derivative of 26*p**6/15 - p**5/30 - p**4/24 + p**3/3 + 13*p**2. Let x be u(1). Calculate the highest common factor of x and 23.
23
Let c = 195 + -168. What is the highest common divisor of c and 6?
3
Suppose -223 = 2*h - 3*m, -3*h + 0*h + m = 324. Let v = -748 + 746. Let a be 6/1 + v - h. Calculate the highest common divisor of 37 and a.
37
Let g be (-9636)/(-60) - 3/5. Suppose 23*p = 15*p + g. What is the highest common factor of p and 20?
20
Suppose -r = v - 8, 5*v - 2 - 23 = -2*r. Calculate the greatest common factor of 15 and v.
3
Let d = 5 - -585. Calculate the highest common factor of d and 10.
10
Let q(f) = 7*f**2 + 25*f - 88. Let x(m) = 3*m**2 + 12*m - 44. Let y(g) = 2*q(g) - 5*x(g). Let z be y(-13). What is the greatest common divisor of z and 40?
5
Let j be 4/(-28) + (-29)/(-7). Let f be 6*(392/12 + j). Calculate the highest common factor of 20 and f.
20
Suppose -77*n - 24 = -78*n. What is the highest common divisor of n and 6?
6
Let m(s) = s + 2. Let k be m(2). Suppose -j - 2*z + 7 - 2 = 0, -k = -z. Let g be (-1)/3 - 13/j. What is the highest common divisor of g and 2?
2
Let i(u) = 4*u**2 - 3*u + 3. Suppose -3*w + 0*j + 12 = -j, 3*j = w - 4. Let v be i(w). What is the greatest common divisor of v and 5?
5
Let z = -53 - -81. Suppose -z*o = -31*o + 9. What is the highest common divisor of o and 9?
3
Let u be 1*(0/7 - (2 - 1)). Let o be (13 + u)/(8/28) - -3. What is the highest common fact